CRAN Package Check Results for Package TGS

Last updated on 2021-04-16 02:47:39 CEST.

Flavor Version Tinstall Tcheck Ttotal Status Flags
r-devel-linux-x86_64-debian-clang 1.0.1 4.28 34.82 39.10 NOTE
r-devel-linux-x86_64-debian-gcc 1.0.1 3.73 26.98 30.71 NOTE
r-devel-linux-x86_64-fedora-clang 1.0.1 57.19 NOTE
r-devel-linux-x86_64-fedora-gcc 1.0.1 47.22 NOTE
r-devel-windows-ix86+x86_64 1.0.1 10.00 55.00 65.00 NOTE
r-devel-windows-x86_64-gcc10-UCRT 1.0.1 NOTE
r-patched-linux-x86_64 1.0.1 4.08 33.30 37.38 OK
r-patched-solaris-x86 1.0.1 69.90 NOTE
r-release-linux-x86_64 1.0.1 4.49 33.45 37.94 OK
r-release-macos-x86_64 1.0.1 NOTE
r-release-windows-ix86+x86_64 1.0.1 9.00 55.00 64.00 OK
r-oldrel-macos-x86_64 1.0.1 NOTE
r-oldrel-windows-ix86+x86_64 1.0.1 8.00 34.00 42.00 OK

Check Details

Version: 1.0.1
Check: LazyData
Result: NOTE
     'LazyData' is specified without a 'data' directory
Flavors: r-devel-linux-x86_64-debian-clang, r-devel-linux-x86_64-debian-gcc, r-devel-linux-x86_64-fedora-clang, r-devel-linux-x86_64-fedora-gcc, r-devel-windows-ix86+x86_64, r-devel-windows-x86_64-gcc10-UCRT

Version: 1.0.1
Check: dependencies in R code
Result: NOTE
    Namespace in Imports field not imported from: ‘ggm’
     All declared Imports should be used.
Flavors: r-devel-linux-x86_64-fedora-clang, r-devel-linux-x86_64-fedora-gcc, r-devel-windows-x86_64-gcc10-UCRT, r-patched-solaris-x86, r-release-macos-x86_64, r-oldrel-macos-x86_64