Last updated on 2023-05-28 02:56:04 CEST.
Flavor | Version | Tinstall | Tcheck | Ttotal | Status | Flags |
---|---|---|---|---|---|---|
r-devel-linux-x86_64-debian-clang | 1.9.4 | 74.46 | 95.12 | 169.58 | OK | |
r-devel-linux-x86_64-debian-gcc | 1.9.4 | 63.32 | 71.97 | 135.29 | OK | |
r-devel-linux-x86_64-fedora-clang | 1.9.4 | 210.76 | NOTE | |||
r-devel-linux-x86_64-fedora-gcc | 1.9.4 | 253.91 | OK | |||
r-devel-windows-x86_64 | 1.9.4 | 61.00 | 140.00 | 201.00 | NOTE | |
r-patched-linux-x86_64 | 1.9.4 | 73.18 | 89.45 | 162.63 | OK | |
r-release-linux-x86_64 | 1.9.4 | 68.92 | 90.27 | 159.19 | OK | |
r-release-macos-arm64 | 1.9.4 | 67.00 | NOTE | |||
r-release-macos-x86_64 | 1.9.4 | 151.00 | NOTE | |||
r-release-windows-x86_64 | 1.9.4 | 81.00 | 106.00 | 187.00 | NOTE | |
r-oldrel-macos-arm64 | 1.9.4 | 64.00 | NOTE | |||
r-oldrel-macos-x86_64 | 1.9.4 | 77.00 | NOTE | |||
r-oldrel-windows-x86_64 | 1.9.4 | 75.00 | 107.00 | 182.00 | NOTE |
Version: 1.9.4
Check: installed package size
Result: NOTE
installed size is 5.1Mb
sub-directories of 1Mb or more:
examples 1.0Mb
include 3.6Mb
Flavors: r-devel-linux-x86_64-fedora-clang, r-devel-windows-x86_64, r-release-macos-arm64, r-release-macos-x86_64, r-release-windows-x86_64, r-oldrel-macos-arm64, r-oldrel-macos-x86_64, r-oldrel-windows-x86_64