CRAN Package Check Results for Package TOSTER

Last updated on 2023-03-31 03:52:54 CEST.

Flavor Version Tinstall Tcheck Ttotal Status Flags
r-devel-linux-x86_64-debian-clang 0.6.0 27.24 858.70 885.94 OK
r-devel-linux-x86_64-debian-gcc 0.6.0 21.79 489.05 510.84 OK
r-devel-linux-x86_64-fedora-clang 0.6.0 1053.71 OK
r-devel-linux-x86_64-fedora-gcc 0.6.0 1014.93 OK
r-devel-windows-x86_64 0.6.0 70.00 719.00 789.00 OK
r-patched-linux-x86_64 0.6.0 30.68 756.54 787.22 OK
r-release-linux-x86_64 0.6.0 21.96 758.34 780.30 OK
r-release-macos-arm64 0.6.0 190.00 OK
r-release-macos-x86_64 0.6.0 279.00 OK
r-release-windows-x86_64 0.6.0 48.00 578.00 626.00 OK
r-oldrel-macos-arm64 0.6.0 188.00 OK
r-oldrel-macos-x86_64 0.6.0 285.00 OK
r-oldrel-windows-ix86+x86_64 0.6.0 52.00 885.00 937.00 ERROR

Check Details

Version: 0.6.0
Check: PDF version of manual
Result: WARN
    LaTeX errors when creating PDF version.
    This typically indicates Rd problems.
    LaTeX errors found:
    ! Package inputenc Error: Unicode char â<c2><80><c2><90> (U+2010)
    (inputenc) not set up for use with LaTeX.
    
    See the inputenc package documentation for explanation.
    Type H <return> for immediate help.
    ! Package inputenc Error: Unicode char â<c2><80><c2><90> (U+2010)
    (inputenc) not set up for use with LaTeX.
    
    See the inputenc package documentation for explanation.
    Type H <return> for immediate help.
    ! Package inputenc Error: Unicode char â<c2><80><c2><90> (U+2010)
    (inputenc) not set up for use with LaTeX.
    
    See the inputenc package documentation for explanation.
    Type H <return> for immediate help.
    ! Package inputenc Error: Unicode char â<c2><80><c2><90> (U+2010)
    (inputenc) not set up for use with LaTeX.
    
    See the inputenc package documentation for explanation.
    Type H <return> for immediate help.
    ! Package inputenc Error: Unicode char â<c2><80><c2><90> (U+2010)
    (inputenc) not set up for use with LaTeX.
    
    See the inputenc package documentation for explanation.
    Type H <return> for immediate help.
    ! Package inputenc Error: Unicode char â<c2><80><c2><90> (U+2010)
    (inputenc) not set up for use with LaTeX.
    
    See the inputenc package documentation for explanation.
    Type H <return> for immediate help.
    ! Package inputenc Error: Unicode char â<c2><80><c2><90> (U+2010)
    (inputenc) not set up for use with LaTeX.
    
    See the inputenc package documentation for explanation.
    Type H <return> for immediate help.
    ! Package inputenc Error: Unicode char â<c2><80><c2><90> (U+2010)
    (inputenc) not set up for use with LaTeX.
    
    See the inputenc package documentation for explanation.
    Type H <return> for immediate help.
Flavor: r-oldrel-windows-ix86+x86_64

Version: 0.6.0
Check: PDF version of manual without hyperrefs or index
Result: ERROR
Flavor: r-oldrel-windows-ix86+x86_64