Last updated on 2023-05-28 02:56:04 CEST.
Flavor | Version | Tinstall | Tcheck | Ttotal | Status | Flags |
---|---|---|---|---|---|---|
r-devel-linux-x86_64-debian-clang | 2.12 | 13.03 | 97.39 | 110.42 | NOTE | |
r-devel-linux-x86_64-debian-gcc | 2.12 | 10.42 | 74.43 | 84.85 | NOTE | |
r-devel-linux-x86_64-fedora-clang | 2.12 | 140.53 | NOTE | |||
r-devel-linux-x86_64-fedora-gcc | 2.12 | 146.57 | NOTE | |||
r-devel-windows-x86_64 | 2.12 | 14.00 | 104.00 | 118.00 | NOTE | |
r-patched-linux-x86_64 | 2.12 | 15.87 | 92.63 | 108.50 | NOTE | |
r-release-linux-x86_64 | 2.12 | 12.69 | 92.85 | 105.54 | NOTE | |
r-release-macos-arm64 | 2.12 | 41.00 | NOTE | |||
r-release-macos-x86_64 | 2.12 | 66.00 | NOTE | |||
r-release-windows-x86_64 | 2.12 | 19.00 | 118.00 | 137.00 | NOTE | |
r-oldrel-macos-arm64 | 2.12 | 38.00 | NOTE | |||
r-oldrel-macos-x86_64 | 2.12 | 52.00 | NOTE | |||
r-oldrel-windows-x86_64 | 2.12 | 22.00 | 118.00 | 140.00 | OK |
Version: 2.12
Check: package dependencies
Result: NOTE
Package suggested but not available for checking: ‘R2wd’
Flavors: r-devel-linux-x86_64-debian-clang, r-devel-linux-x86_64-debian-gcc, r-devel-linux-x86_64-fedora-clang, r-devel-linux-x86_64-fedora-gcc, r-patched-linux-x86_64, r-release-linux-x86_64, r-release-macos-arm64, r-release-macos-x86_64, r-oldrel-macos-arm64, r-oldrel-macos-x86_64
Version: 2.12
Check: Rd files
Result: NOTE
checkRd: (-1) R2txt.Rd:164: Escaped LaTeX specials: \#
checkRd: (-1) bct.Rd:18: Escaped LaTeX specials: \^
checkRd: (-1) bct.Rd:19: Escaped LaTeX specials: \^
checkRd: (-1) ineq.Rd:10: Escaped LaTeX specials: \&
checkRd: (-1) put.points.demo.Rd:39: Escaped LaTeX specials: \^
checkRd: (-1) run.cor.examp.Rd:10: Escaped LaTeX specials: \^
checkRd: (-1) run.cor.examp.Rd:31: Escaped LaTeX specials: \^
Flavors: r-devel-linux-x86_64-debian-clang, r-devel-linux-x86_64-debian-gcc, r-devel-linux-x86_64-fedora-clang, r-devel-linux-x86_64-fedora-gcc, r-devel-windows-x86_64, r-patched-linux-x86_64, r-release-linux-x86_64, r-release-macos-arm64, r-release-macos-x86_64, r-release-windows-x86_64