CRAN Package Check Results for Package TeachingDemos

Last updated on 2021-10-27 02:52:52 CEST.

Flavor Version Tinstall Tcheck Ttotal Status Flags
r-devel-linux-x86_64-debian-clang 2.12 15.53 87.65 103.18 NOTE
r-devel-linux-x86_64-debian-gcc 2.12 10.03 65.08 75.11 NOTE
r-devel-linux-x86_64-fedora-clang 2.12 136.65 NOTE
r-devel-linux-x86_64-fedora-gcc 2.12 122.53 NOTE
r-devel-windows-x86_64 2.12 22.00 111.00 133.00 OK
r-devel-windows-x86_64-gcc10-UCRT 2.12 OK
r-patched-linux-x86_64 2.12 15.36 83.93 99.29 NOTE
r-patched-solaris-x86 2.12 156.50 NOTE
r-release-linux-x86_64 2.12 13.74 84.86 98.60 NOTE
r-release-macos-arm64 2.12 NOTE
r-release-macos-x86_64 2.12 NOTE
r-release-windows-ix86+x86_64 2.12 17.00 110.00 127.00 OK
r-oldrel-macos-x86_64 2.12 NOTE
r-oldrel-windows-ix86+x86_64 2.12 24.00 106.00 130.00 OK

Check Details

Version: 2.12
Check: package dependencies
Result: NOTE
    Package suggested but not available for checking: 'R2wd'
Flavors: r-devel-linux-x86_64-debian-clang, r-devel-linux-x86_64-debian-gcc, r-devel-linux-x86_64-fedora-clang, r-devel-linux-x86_64-fedora-gcc, r-patched-linux-x86_64, r-patched-solaris-x86, r-release-linux-x86_64, r-release-macos-arm64, r-release-macos-x86_64, r-oldrel-macos-x86_64