Last updated on 2023-06-10 02:50:47 CEST.
Flavor | Version | Tinstall | Tcheck | Ttotal | Status | Flags |
---|---|---|---|---|---|---|
r-devel-linux-x86_64-debian-clang | 1.3.2 | 52.26 | 412.08 | 464.34 | OK | |
r-devel-linux-x86_64-debian-gcc | 1.3.2 | 42.68 | 303.40 | 346.08 | OK | |
r-devel-linux-x86_64-fedora-clang | 1.3.2 | 574.43 | OK | |||
r-devel-linux-x86_64-fedora-gcc | 1.3.2 | 570.45 | OK | |||
r-devel-windows-x86_64 | 1.3.2 | 48.00 | 438.00 | 486.00 | NOTE | |
r-patched-linux-x86_64 | 1.3.2 | 49.97 | 388.95 | 438.92 | OK | |
r-release-linux-x86_64 | 1.3.2 | 32.62 | 390.13 | 422.75 | OK | |
r-release-macos-arm64 | 1.3.2 | 162.00 | NOTE | |||
r-release-macos-x86_64 | 1.3.1 | 301.00 | NOTE | |||
r-release-windows-x86_64 | 1.3.2 | 62.00 | 415.00 | 477.00 | NOTE | |
r-oldrel-macos-arm64 | 1.3.2 | 149.00 | NOTE | |||
r-oldrel-macos-x86_64 | 1.3.2 | 199.00 | NOTE | |||
r-oldrel-windows-x86_64 | 1.3.2 | 61.00 | 404.00 | 465.00 | NOTE |
Version: 1.3.2
Check: installed package size
Result: NOTE
installed size is 5.6Mb
sub-directories of 1Mb or more:
datasets 1.6Mb
doc 1.3Mb
libs 1.1Mb
Flavors: r-devel-windows-x86_64, r-release-macos-arm64, r-release-windows-x86_64, r-oldrel-macos-arm64, r-oldrel-macos-x86_64, r-oldrel-windows-x86_64
Version: 1.3.1
Check: installed package size
Result: NOTE
installed size is 5.9Mb
sub-directories of 1Mb or more:
datasets 1.6Mb
doc 1.3Mb
libs 1.4Mb
Flavor: r-release-macos-x86_64