Last updated on 2023-05-28 02:56:04 CEST.
Flavor | Version | Tinstall | Tcheck | Ttotal | Status | Flags |
---|---|---|---|---|---|---|
r-devel-linux-x86_64-debian-clang | 1.9.2 | 77.35 | 170.71 | 248.06 | OK | |
r-devel-linux-x86_64-debian-gcc | 1.9.2 | 72.87 | 132.41 | 205.28 | OK | |
r-devel-linux-x86_64-fedora-clang | 1.9.2 | 309.42 | OK | |||
r-devel-linux-x86_64-fedora-gcc | 1.9.2 | 390.75 | OK | |||
r-devel-windows-x86_64 | 1.9.2 | 76.00 | 187.00 | 263.00 | OK | |
r-patched-linux-x86_64 | 1.9.2 | 84.41 | 165.42 | 249.83 | OK | |
r-release-linux-x86_64 | 1.9.2 | 75.78 | 167.95 | 243.73 | OK | |
r-release-macos-arm64 | 1.9.2 | 96.00 | NOTE | |||
r-release-macos-x86_64 | 1.9.1 | 151.00 | NOTE | |||
r-release-windows-x86_64 | 1.9.2 | 89.00 | 230.00 | 319.00 | OK | |
r-oldrel-macos-arm64 | 1.9.2 | 86.00 | NOTE | |||
r-oldrel-macos-x86_64 | 1.9.2 | 111.00 | NOTE | |||
r-oldrel-windows-x86_64 | 1.9.2 | 87.00 | 215.00 | 302.00 | OK |
Version: 1.9.2
Check: installed package size
Result: NOTE
installed size is 5.4Mb
sub-directories of 1Mb or more:
R 1.1Mb
libs 3.4Mb
Flavors: r-release-macos-arm64, r-oldrel-macos-arm64, r-oldrel-macos-x86_64
Version: 1.9.1
Check: installed package size
Result: NOTE
installed size is 5.2Mb
sub-directories of 1Mb or more:
R 1.0Mb
libs 3.2Mb
Flavor: r-release-macos-x86_64