CRAN Package Check Results for Package TwitterAutomatedTrading

Last updated on 2022-08-18 04:56:40 CEST.

Flavor Version Tinstall Tcheck Ttotal Status Flags
r-devel-linux-x86_64-debian-clang 0.1.0 12.40 116.48 128.88 OK
r-devel-linux-x86_64-debian-gcc 0.1.0 11.42 86.88 98.30 OK
r-devel-linux-x86_64-fedora-clang 0.1.0 163.36 NOTE
r-devel-linux-x86_64-fedora-gcc 0.1.0 158.85 NOTE
r-devel-windows-x86_64 0.1.0 59.00 135.00 194.00 OK
r-patched-linux-x86_64 0.1.0 13.23 106.03 119.26 OK
r-release-linux-x86_64 0.1.0 11.47 107.44 118.91 OK
r-release-macos-arm64 0.1.0 43.00 NOTE
r-release-macos-x86_64 0.1.0 82.00 NOTE
r-release-windows-x86_64 0.1.0 48.00 151.00 199.00 OK
r-oldrel-macos-arm64 0.1.0 47.00 NOTE
r-oldrel-macos-x86_64 0.1.0 63.00 NOTE
r-oldrel-windows-ix86+x86_64 0.1.0 27.00 131.00 158.00 OK

Check Details

Version: 0.1.0
Check: data for non-ASCII characters
Result: NOTE
     Note: found 34 marked Latin-1 strings
Flavors: r-devel-linux-x86_64-fedora-clang, r-devel-linux-x86_64-fedora-gcc, r-release-macos-arm64, r-release-macos-x86_64, r-oldrel-macos-arm64, r-oldrel-macos-x86_64