CRAN Package Check Results for Package USAboundaries

Last updated on 2022-11-28 01:51:49 CET.

Flavor Version Tinstall Tcheck Ttotal Status Flags
r-devel-linux-x86_64-debian-clang 0.4.0 2.09 31.49 33.58 NOTE
r-devel-linux-x86_64-debian-gcc 0.4.0 2.09 24.76 26.85 NOTE
r-devel-linux-x86_64-fedora-clang 0.4.0 54.89 NOTE
r-devel-linux-x86_64-fedora-gcc 0.4.0 54.03 NOTE
r-devel-windows-x86_64 0.4.0 82.00 174.00 256.00 NOTE
r-patched-linux-x86_64 0.4.0 2.73 29.74 32.47 NOTE
r-release-linux-x86_64 0.4.0 2.25 30.45 32.70 NOTE
r-release-macos-arm64 0.4.0 22.00 NOTE
r-release-macos-x86_64 0.4.0 26.00 NOTE
r-release-windows-x86_64 0.4.0 31.00 65.00 96.00 NOTE
r-oldrel-macos-arm64 0.4.0 25.00 NOTE
r-oldrel-macos-x86_64 0.4.0 25.00 NOTE
r-oldrel-windows-ix86+x86_64 0.4.0 6.00 55.00 61.00 NOTE

Check Details

Version: 0.4.0
Check: package dependencies
Result: NOTE
    Package suggested but not available for checking: 'USAboundariesData'
Flavors: r-devel-linux-x86_64-debian-clang, r-devel-linux-x86_64-debian-gcc, r-devel-linux-x86_64-fedora-clang, r-devel-linux-x86_64-fedora-gcc, r-devel-windows-x86_64, r-patched-linux-x86_64, r-release-linux-x86_64, r-release-macos-arm64, r-release-macos-x86_64, r-release-windows-x86_64, r-oldrel-macos-arm64, r-oldrel-macos-x86_64, r-oldrel-windows-ix86+x86_64