Last updated on 2021-04-16 02:47:41 CEST.
Flavor | Version | Tinstall | Tcheck | Ttotal | Status | Flags |
---|---|---|---|---|---|---|
r-devel-linux-x86_64-debian-clang | 1.1.0 | 42.38 | 359.67 | 402.05 | OK | |
r-devel-linux-x86_64-debian-gcc | 1.1.0 | 36.21 | 268.78 | 304.99 | OK | |
r-devel-linux-x86_64-fedora-clang | 1.1.0 | 528.15 | NOTE | |||
r-devel-linux-x86_64-fedora-gcc | 1.1.0 | 514.18 | OK | |||
r-devel-windows-ix86+x86_64 | 1.1.0 | 91.00 | 410.00 | 501.00 | NOTE | |
r-devel-windows-x86_64-gcc10-UCRT | 1.1.0 | OK | ||||
r-patched-linux-x86_64 | 1.1.0 | 39.31 | 333.11 | 372.42 | OK | |
r-patched-solaris-x86 | 1.1.0 | 655.10 | NOTE | |||
r-release-linux-x86_64 | 1.1.0 | 39.47 | 337.05 | 376.52 | OK | |
r-release-macos-x86_64 | 1.1.0 | NOTE | ||||
r-release-windows-ix86+x86_64 | 1.1.0 | 91.00 | 421.00 | 512.00 | NOTE | |
r-oldrel-macos-x86_64 | 1.1.0 | ERROR | ||||
r-oldrel-windows-ix86+x86_64 | 1.1.0 | 57.00 | 273.00 | 330.00 | NOTE |
Version: 1.1.0
Check: installed package size
Result: NOTE
installed size is 9.5Mb
sub-directories of 1Mb or more:
extdata 8.7Mb
Flavors: r-devel-linux-x86_64-fedora-clang, r-devel-windows-ix86+x86_64, r-patched-solaris-x86, r-release-macos-x86_64, r-release-windows-ix86+x86_64, r-oldrel-windows-ix86+x86_64
Version: 1.1.0
Check: whether package can be installed
Result: ERROR
Installation failed.
Flavor: r-oldrel-macos-x86_64