Last updated on 2022-06-29 02:55:25 CEST.
Flavor | Version | Tinstall | Tcheck | Ttotal | Status | Flags |
---|---|---|---|---|---|---|
r-devel-linux-x86_64-debian-clang | 0.1.3 | 5.12 | 43.17 | 48.29 | NOTE | |
r-devel-linux-x86_64-debian-gcc | 0.1.3 | 3.57 | 33.75 | 37.32 | NOTE | |
r-devel-linux-x86_64-fedora-clang | 0.1.3 | 70.39 | OK | |||
r-devel-linux-x86_64-fedora-gcc | 0.1.3 | 67.79 | OK | |||
r-devel-windows-x86_64 | 0.1.3 | 24.00 | 69.00 | 93.00 | OK | |
r-patched-linux-x86_64 | 0.1.3 | 4.60 | 41.95 | 46.55 | OK | |
r-release-linux-x86_64 | 0.1.3 | 5.62 | 43.26 | 48.88 | OK | |
r-release-macos-arm64 | 0.1.3 | 22.00 | OK | |||
r-release-macos-x86_64 | 0.1.3 | 31.00 | OK | |||
r-release-windows-x86_64 | 0.1.3 | 30.00 | 71.00 | 101.00 | OK | |
r-oldrel-macos-arm64 | 0.1.3 | 26.00 | OK | |||
r-oldrel-macos-x86_64 | 0.1.3 | 50.00 | OK | |||
r-oldrel-windows-ix86+x86_64 | 0.1.3 | 10.00 | 63.00 | 73.00 | OK |
Version: 0.1.3
Check: HTML version of manual
Result: NOTE
Found the following problems:
VARsignR-package.Rd:74:1: Warning: trimming empty <p>
Flavors: r-devel-linux-x86_64-debian-clang, r-devel-linux-x86_64-debian-gcc