CRAN Package Check Results for Package WRI

Last updated on 2022-11-30 02:03:04 CET.

Flavor Version Tinstall Tcheck Ttotal Status Flags
r-devel-linux-x86_64-debian-clang 0.2.0 58.27 108.51 166.78 OK
r-devel-linux-x86_64-debian-gcc 0.2.0 45.14 80.56 125.70 OK
r-devel-linux-x86_64-fedora-clang 0.2.0 242.76 NOTE
r-devel-linux-x86_64-fedora-gcc 0.2.0 234.21 NOTE
r-devel-windows-x86_64 0.2.0 70.00 164.00 234.00 OK
r-patched-linux-x86_64 0.2.0 52.25 102.03 154.28 OK
r-release-linux-x86_64 0.2.0 44.91 101.63 146.54 OK
r-release-macos-arm64 0.2.0 66.00 NOTE
r-release-macos-x86_64 0.2.0 81.00 NOTE
r-release-windows-x86_64 0.2.0 62.00 161.00 223.00 OK
r-oldrel-macos-arm64 0.2.0 62.00 NOTE
r-oldrel-macos-x86_64 0.2.0 82.00 NOTE
r-oldrel-windows-ix86+x86_64 0.2.0 147.00 185.00 332.00 OK

Check Details

Version: 0.2.0
Check: dependencies in R code
Result: NOTE
    Namespaces in Imports field not imported from:
     ‘fdadensity’ ‘locfit’ ‘locpol’ ‘modeest’
     All declared Imports should be used.
Flavors: r-devel-linux-x86_64-fedora-clang, r-devel-linux-x86_64-fedora-gcc, r-release-macos-arm64, r-release-macos-x86_64, r-oldrel-macos-arm64, r-oldrel-macos-x86_64