CRAN Package Check Results for Package Xplortext

Last updated on 2022-10-04 02:54:56 CEST.

Flavor Version Tinstall Tcheck Ttotal Status Flags
r-devel-linux-x86_64-debian-clang 1.5.1 29.04 192.47 221.51 OK
r-devel-linux-x86_64-debian-gcc 1.5.1 21.71 138.44 160.15 OK
r-devel-linux-x86_64-fedora-clang 1.5.1 302.80 OK
r-devel-linux-x86_64-fedora-gcc 1.5.1 291.02 OK
r-devel-windows-x86_64 1.5.1 38.00 199.00 237.00 OK
r-patched-linux-x86_64 1.5.1 22.71 179.32 202.03 OK
r-release-linux-x86_64 1.5.1 26.27 178.97 205.24 OK
r-release-macos-arm64 1.5.1 49.00 OK
r-release-macos-x86_64 1.5.1 90.00 OK
r-release-windows-x86_64 1.5.1 41.00 196.00 237.00 OK
r-oldrel-macos-arm64 1.4.1 58.00 NOTE
r-oldrel-macos-x86_64 1.4.1 93.00 NOTE
r-oldrel-windows-ix86+x86_64 1.4.1 41.00 153.00 194.00 OK

Check Details

Version: 1.4.1
Check: dependencies in R code
Result: NOTE
    Namespace in Imports field not imported from: ‘ggdendro’
     All declared Imports should be used.
Flavors: r-oldrel-macos-arm64, r-oldrel-macos-x86_64