Last updated on 2021-01-28 02:48:06 CET.
Flavor | Version | Tinstall | Tcheck | Ttotal | Status | Flags |
---|---|---|---|---|---|---|
r-devel-linux-x86_64-debian-clang | 2.1.0 | 128.46 | 97.69 | 226.15 | OK | |
r-devel-linux-x86_64-debian-gcc | 2.1.0 | OK | ||||
r-devel-linux-x86_64-fedora-clang | 2.1.0 | 308.04 | NOTE | |||
r-devel-linux-x86_64-fedora-gcc | 2.1.0 | 293.22 | OK | |||
r-devel-windows-ix86+x86_64 | 2.1.0 | 267.00 | 172.00 | 439.00 | OK | |
r-patched-linux-x86_64 | 2.1.0 | 103.24 | 89.35 | 192.59 | OK | |
r-patched-solaris-x86 | 2.1.0 | 299.00 | OK | |||
r-release-linux-x86_64 | 2.1.0 | 102.30 | 89.56 | 191.86 | OK | |
r-release-macos-x86_64 | 2.1.0 | NOTE | ||||
r-release-windows-ix86+x86_64 | 2.1.0 | 268.00 | 124.00 | 392.00 | OK | |
r-oldrel-macos-x86_64 | 2.1.0 | NOTE | ||||
r-oldrel-windows-ix86+x86_64 | 2.1.0 | 192.00 | 152.00 | 344.00 | OK |
Version: 2.1.0
Check: installed package size
Result: NOTE
installed size is 11.6Mb
sub-directories of 1Mb or more:
libs 11.3Mb
Flavors: r-devel-linux-x86_64-fedora-clang, r-release-macos-x86_64, r-oldrel-macos-x86_64