CRAN Package Check Results for Package accSDA

Last updated on 2021-01-20 02:50:09 CET.

Flavor Version Tinstall Tcheck Ttotal Status Flags
r-devel-linux-x86_64-debian-clang 1.0.0 5.22 38.52 43.74 OK
r-devel-linux-x86_64-debian-gcc 1.0.0 3.56 29.48 33.04 OK
r-devel-linux-x86_64-fedora-clang 1.0.0 61.28 NOTE
r-devel-linux-x86_64-fedora-gcc 1.0.0 52.19 NOTE
r-devel-windows-ix86+x86_64 1.0.0 6.00 43.00 49.00 OK
r-patched-linux-x86_64 1.0.0 4.74 36.78 41.52 OK
r-patched-solaris-x86 1.0.0 71.50 NOTE
r-release-linux-x86_64 1.0.0 4.82 36.82 41.64 OK
r-release-macos-x86_64 1.0.0 NOTE
r-release-windows-ix86+x86_64 1.0.0 8.00 40.00 48.00 OK
r-oldrel-macos-x86_64 1.0.0 NOTE
r-oldrel-windows-ix86+x86_64 1.0.0 6.00 39.00 45.00 OK

Check Details

Version: 1.0.0
Check: dependencies in R code
Result: NOTE
    Namespaces in Imports field not imported from:
     ‘rARPACK’ ‘sparseLDA’
     All declared Imports should be used.
Flavors: r-devel-linux-x86_64-fedora-clang, r-devel-linux-x86_64-fedora-gcc, r-patched-solaris-x86, r-release-macos-x86_64, r-oldrel-macos-x86_64