CRAN Package Check Results for Package actuar

Last updated on 2021-09-18 02:51:48 CEST.

Flavor Version Tinstall Tcheck Ttotal Status Flags
r-devel-linux-x86_64-debian-clang 3.1-4 19.95 178.34 198.29 OK
r-devel-linux-x86_64-debian-gcc 3.1-4 15.18 126.55 141.73 OK
r-devel-linux-x86_64-fedora-clang 3.1-4 239.43 OK
r-devel-linux-x86_64-fedora-gcc 3.1-4 227.67 OK
r-devel-windows-x86_64 3.1-4 36.00 207.00 243.00 OK
r-devel-windows-x86_64-gcc10-UCRT 3.1-4 OK
r-patched-linux-x86_64 3.1-4 21.52 171.83 193.35 OK
r-patched-solaris-x86 3.1-4 295.50 OK
r-release-linux-x86_64 3.1-4 20.07 173.48 193.55 OK
r-release-macos-arm64 3.1-4 OK
r-release-macos-x86_64 3.1-4 OK
r-release-windows-ix86+x86_64 3.1-4 76.00 297.00 373.00 OK
r-oldrel-macos-x86_64 3.1-2 OK
r-oldrel-windows-ix86+x86_64 3.1-3 18.00 8.00 26.00 ERROR

Check Details

Version: 3.1-3
Check: whether package can be installed
Result: ERROR
    Installation failed.
Flavor: r-oldrel-windows-ix86+x86_64