Last updated on 2023-05-28 02:55:43 CEST.
Flavor | Version | Tinstall | Tcheck | Ttotal | Status | Flags |
---|---|---|---|---|---|---|
r-devel-linux-x86_64-debian-clang | 0.10.1 | 12.34 | 474.25 | 486.59 | OK | |
r-devel-linux-x86_64-debian-gcc | 0.10.1 | 10.55 | 355.03 | 365.58 | OK | |
r-devel-linux-x86_64-fedora-clang | 0.10.1 | 465.38 | NOTE | |||
r-devel-linux-x86_64-fedora-gcc | 0.10.1 | 472.30 | OK | |||
r-devel-windows-x86_64 | 0.10.1 | 13.00 | 432.00 | 445.00 | OK | |
r-patched-linux-x86_64 | 0.10.1 | 14.85 | 458.26 | 473.11 | OK | |
r-release-linux-x86_64 | 0.10.1 | 9.44 | 451.19 | 460.63 | OK | |
r-release-macos-arm64 | 0.10.1 | 172.00 | OK | |||
r-release-macos-x86_64 | 0.10.1 | 437.00 | OK | |||
r-release-windows-x86_64 | 0.10.1 | 15.00 | 516.00 | 531.00 | OK | |
r-oldrel-macos-arm64 | 0.10.1 | 170.00 | OK | |||
r-oldrel-macos-x86_64 | 0.10.1 | 228.00 | OK | |||
r-oldrel-windows-x86_64 | 0.10.1 | 14.00 | 504.00 | 518.00 | OK |
Version: 0.10.1
Check: Rd cross-references
Result: NOTE
Undeclared packages ‘timereg’, ‘rms’, ‘ranger’ in Rd xrefs
Flavor: r-devel-linux-x86_64-fedora-clang