CRAN Package Check Results for Package adnuts

Last updated on 2023-03-21 02:56:17 CET.

Flavor Version Tinstall Tcheck Ttotal Status Flags
r-devel-linux-x86_64-debian-clang 1.1.2 NOTE
r-devel-linux-x86_64-debian-gcc 1.1.2 9.60 81.87 91.47 NOTE
r-devel-linux-x86_64-fedora-clang 1.1.2 160.77 NOTE
r-devel-linux-x86_64-fedora-gcc 1.1.2 149.67 NOTE
r-devel-windows-x86_64 1.1.2 34.00 138.00 172.00 NOTE
r-patched-linux-x86_64 1.1.2 10.27 104.16 114.43 NOTE
r-release-linux-x86_64 1.1.2 7.62 103.35 110.97 NOTE
r-release-macos-arm64 1.1.2 45.00 NOTE
r-release-macos-x86_64 1.1.2 66.00 NOTE
r-release-windows-x86_64 1.1.2 39.00 137.00 176.00 NOTE
r-oldrel-macos-arm64 1.1.2 56.00 NOTE
r-oldrel-macos-x86_64 1.1.2 86.00 NOTE
r-oldrel-windows-ix86+x86_64 1.1.2 27.00 131.00 158.00 NOTE

Check Details

Version: 1.1.2
Check: LazyData
Result: NOTE
     'LazyData' is specified without a 'data' directory
Flavors: r-devel-linux-x86_64-debian-clang, r-devel-linux-x86_64-debian-gcc, r-devel-linux-x86_64-fedora-clang, r-devel-linux-x86_64-fedora-gcc, r-devel-windows-x86_64, r-patched-linux-x86_64, r-release-linux-x86_64, r-release-macos-arm64, r-release-macos-x86_64, r-release-windows-x86_64, r-oldrel-macos-arm64, r-oldrel-macos-x86_64, r-oldrel-windows-ix86+x86_64