CRAN Package Check Results for Package agroclim

Last updated on 2022-10-04 02:54:34 CEST.

Flavor Version Tinstall Tcheck Ttotal Status Flags
r-devel-linux-x86_64-debian-clang 0.2.0 34.47 321.65 356.12 OK
r-devel-linux-x86_64-debian-gcc 0.2.0 29.13 226.95 256.08 ERROR
r-devel-linux-x86_64-fedora-clang 0.2.0 256.80 ERROR
r-devel-linux-x86_64-fedora-gcc 0.2.0 217.18 ERROR
r-devel-windows-x86_64 0.2.0 40.00 299.00 339.00 ERROR
r-patched-linux-x86_64 0.2.0 31.45 298.87 330.32 OK
r-release-linux-x86_64 0.2.0 33.89 305.17 339.06 OK
r-release-macos-arm64 0.2.0 73.00 NOTE
r-release-macos-x86_64 0.2.0 164.00 NOTE
r-release-windows-x86_64 0.2.0 37.00 306.00 343.00 OK
r-oldrel-macos-arm64 0.2.0 75.00 NOTE
r-oldrel-macos-x86_64 0.2.0 124.00 NOTE
r-oldrel-windows-ix86+x86_64 0.2.0 75.00 326.00 401.00 OK

Check Details

Version: 0.2.0
Check: examples
Result: ERROR
    Running examples in ‘agroclim-Ex.R’ failed
    The error most likely occurred in:
    
    > base::assign(".ptime", proc.time(), pos = "CheckExEnv")
    > ### Name: ehe
    > ### Title: Extreme Heat Exposure (EHE)
    > ### Aliases: ehe
    >
    > ### ** Examples
    >
    >
    > ehe(mx = daily_tmax,
    + dates = seq.Date(as.Date('1981-01-01'),
    + as.Date('2010-12-31'), by ='day'),
    + op = 'first')
    Warning in as.character.POSIXt(as.POSIXlt(x), ...) :
     as.character(td, ..) no longer obeys a 'format' argument; use format(td, ..) ?
    Warning in as.character.POSIXt(as.POSIXlt(x), ...) :
     as.character(td, ..) no longer obeys a 'format' argument; use format(td, ..) ?
    Error in wini:wend : argument of length 0
    Calls: ehe -> ff -> rle
    Execution halted
Flavor: r-devel-linux-x86_64-debian-gcc

Version: 0.2.0
Check: dependencies in R code
Result: NOTE
    Namespace in Imports field not imported from: ‘plyr’
     All declared Imports should be used.
Flavors: r-devel-linux-x86_64-fedora-clang, r-devel-linux-x86_64-fedora-gcc, r-release-macos-arm64, r-release-macos-x86_64, r-oldrel-macos-arm64, r-oldrel-macos-x86_64

Version: 0.2.0
Check: examples
Result: ERROR
    Running examples in ‘agroclim-Ex.R’ failed
    The error most likely occurred in:
    
    > ### Name: ehe
    > ### Title: Extreme Heat Exposure (EHE)
    > ### Aliases: ehe
    >
    > ### ** Examples
    >
    >
    > ehe(mx = daily_tmax,
    + dates = seq.Date(as.Date('1981-01-01'),
    + as.Date('2010-12-31'), by ='day'),
    + op = 'first')
    Warning in as.character.POSIXt(as.POSIXlt(x), ...) :
     as.character(td, ..) no longer obeys a 'format' argument; use format(td, ..) ?
    Warning in as.character.POSIXt(as.POSIXlt(x), ...) :
     as.character(td, ..) no longer obeys a 'format' argument; use format(td, ..) ?
    Error in wini:wend : argument of length 0
    Calls: ehe -> ff -> rle
    Execution halted
Flavors: r-devel-linux-x86_64-fedora-clang, r-devel-linux-x86_64-fedora-gcc, r-devel-windows-x86_64