CRAN Package Check Results for Package airportr

Last updated on 2022-07-02 02:52:56 CEST.

Flavor Version Tinstall Tcheck Ttotal Status Flags
r-devel-linux-x86_64-debian-clang 0.1.3 6.65 57.91 64.56 OK
r-devel-linux-x86_64-debian-gcc 0.1.3 4.61 43.66 48.27 OK
r-devel-linux-x86_64-fedora-clang 0.1.3 86.42 NOTE
r-devel-linux-x86_64-fedora-gcc 0.1.3 81.95 NOTE
r-devel-windows-x86_64 0.1.3 16.00 82.00 98.00 OK
r-patched-linux-x86_64 0.1.3 5.34 54.92 60.26 OK
r-release-linux-x86_64 0.1.3 5.71 54.43 60.14 OK
r-release-macos-arm64 0.1.3 27.00 NOTE
r-release-macos-x86_64 0.1.3 37.00 NOTE
r-release-windows-x86_64 0.1.3 26.00 83.00 109.00 OK
r-oldrel-macos-arm64 0.1.3 30.00 NOTE
r-oldrel-macos-x86_64 0.1.3 48.00 NOTE
r-oldrel-windows-ix86+x86_64 0.1.3 14.00 80.00 94.00 OK

Check Details

Version: 0.1.3
Check: data for non-ASCII characters
Result: NOTE
     Note: found 710 marked UTF-8 strings
Flavors: r-devel-linux-x86_64-fedora-clang, r-devel-linux-x86_64-fedora-gcc, r-release-macos-arm64, r-release-macos-x86_64, r-oldrel-macos-arm64, r-oldrel-macos-x86_64