CRAN Package Check Results for Package amelie

Last updated on 2022-06-29 02:55:04 CEST.

Flavor Version Tinstall Tcheck Ttotal Status Flags
r-devel-linux-x86_64-debian-clang 0.2.1 2.37 28.81 31.18 NOTE
r-devel-linux-x86_64-debian-gcc 0.2.1 1.71 22.05 23.76 NOTE
r-devel-linux-x86_64-fedora-clang 0.2.1 47.85 NOTE
r-devel-linux-x86_64-fedora-gcc 0.2.1 46.79 NOTE
r-devel-windows-x86_64 0.2.1 14.00 55.00 69.00 NOTE
r-patched-linux-x86_64 0.2.1 2.05 27.87 29.92 NOTE
r-release-linux-x86_64 0.2.1 2.33 27.95 30.28 NOTE
r-release-macos-arm64 0.2.1 16.00 NOTE
r-release-macos-x86_64 0.2.1 26.00 NOTE
r-release-windows-x86_64 0.2.1 14.00 54.00 68.00 NOTE
r-oldrel-macos-arm64 0.2.1 23.00 NOTE
r-oldrel-macos-x86_64 0.2.1 30.00 NOTE
r-oldrel-windows-ix86+x86_64 0.2.1 6.00 49.00 55.00 NOTE

Check Details

Version: 0.2.1
Check: LazyData
Result: NOTE
     'LazyData' is specified without a 'data' directory
Flavors: r-devel-linux-x86_64-debian-clang, r-devel-linux-x86_64-debian-gcc, r-devel-linux-x86_64-fedora-clang, r-devel-linux-x86_64-fedora-gcc, r-devel-windows-x86_64, r-patched-linux-x86_64, r-release-linux-x86_64, r-release-macos-arm64, r-release-macos-x86_64, r-release-windows-x86_64, r-oldrel-macos-arm64, r-oldrel-macos-x86_64, r-oldrel-windows-ix86+x86_64