CRAN Package Check Results for Package amt

Last updated on 2020-09-23 03:02:58 CEST.

Flavor Version Tinstall Tcheck Ttotal Status Flags
r-devel-linux-x86_64-debian-clang 0.1.2 71.80 264.80 336.60 OK
r-devel-linux-x86_64-debian-gcc 0.1.2 53.54 197.07 250.61 OK
r-devel-linux-x86_64-fedora-clang 0.1.2 417.41 NOTE
r-devel-linux-x86_64-fedora-gcc 0.1.2 425.01 OK
r-devel-windows-ix86+x86_64 0.1.2 159.00 463.00 622.00 OK
r-patched-linux-x86_64 0.1.2 55.15 249.62 304.77 OK
r-patched-solaris-x86 0.1.2 511.90 OK
r-release-linux-x86_64 0.1.2 57.02 252.04 309.06 OK
r-release-macos-x86_64 0.1.2 OK
r-release-windows-ix86+x86_64 0.1.2 160.00 529.00 689.00 OK
r-oldrel-macos-x86_64 0.1.2 OK
r-oldrel-windows-ix86+x86_64 0.1.2 108.00 334.00 442.00 OK

Check Details

Version: 0.1.2
Check: package dependencies
Result: NOTE
    Imports includes 23 non-default packages.
    Importing from so many packages makes the package vulnerable to any of
    them becoming unavailable. Move as many as possible to Suggests and
    use conditionally.
Flavor: r-devel-linux-x86_64-fedora-clang