CRAN Package Check Results for Package animaltracker

Last updated on 2020-11-27 02:46:59 CET.

Flavor Version Tinstall Tcheck Ttotal Status Flags
r-devel-linux-x86_64-debian-clang 0.2.0 10.13 75.61 85.74 OK
r-devel-linux-x86_64-debian-gcc 0.2.0 8.64 59.10 67.74 OK
r-devel-linux-x86_64-fedora-clang 0.2.0 108.10 NOTE
r-devel-linux-x86_64-fedora-gcc 0.2.0 99.73 OK
r-devel-windows-ix86+x86_64 0.2.0 19.00 83.00 102.00 OK
r-patched-linux-x86_64 0.2.0 9.78 71.40 81.18 OK
r-patched-solaris-x86 0.2.0 122.70 OK
r-release-linux-x86_64 0.2.0 9.43 70.76 80.19 OK
r-release-macos-x86_64 0.2.0 OK
r-release-windows-ix86+x86_64 0.2.0 24.00 105.00 129.00 OK
r-oldrel-macos-x86_64 0.2.0 OK
r-oldrel-windows-ix86+x86_64 0.2.0 14.00 81.00 95.00 OK

Check Details

Version: 0.2.0
Check: package dependencies
Result: NOTE
    Imports includes 22 non-default packages.
    Importing from so many packages makes the package vulnerable to any of
    them becoming unavailable. Move as many as possible to Suggests and
    use conditionally.
Flavor: r-devel-linux-x86_64-fedora-clang