CRAN Package Check Results for Package animation

Last updated on 2021-04-14 02:46:35 CEST.

Flavor Version Tinstall Tcheck Ttotal Status Flags
r-devel-linux-x86_64-debian-clang 2.6 7.09 41.02 48.11 NOTE
r-devel-linux-x86_64-debian-gcc 2.6 3.93 32.25 36.18 NOTE
r-devel-linux-x86_64-fedora-clang 2.6 64.58 NOTE
r-devel-linux-x86_64-fedora-gcc 2.6 54.77 NOTE
r-devel-windows-ix86+x86_64 2.6 11.00 54.00 65.00 OK
r-devel-windows-x86_64-gcc10-UCRT 2.6 OK
r-patched-linux-x86_64 2.6 5.64 38.35 43.99 NOTE
r-patched-solaris-x86 2.6 76.30 NOTE
r-release-linux-x86_64 2.6 6.64 37.81 44.45 NOTE
r-release-macos-x86_64 2.6 OK
r-release-windows-ix86+x86_64 2.6 7.00 58.00 65.00 OK
r-oldrel-macos-x86_64 2.6 OK
r-oldrel-windows-ix86+x86_64 2.6 9.00 39.00 48.00 OK

Check Details

Version: 2.6
Check: for non-standard things in the check directory
Result: NOTE
    Found the following files/directories:
     'BM-motion-chart.html' 'css' 'images' 'index.html' 'js'
Flavors: r-devel-linux-x86_64-debian-clang, r-devel-linux-x86_64-debian-gcc, r-devel-linux-x86_64-fedora-clang, r-devel-linux-x86_64-fedora-gcc, r-patched-linux-x86_64, r-patched-solaris-x86, r-release-linux-x86_64