Last updated on 2023-03-29 02:55:20 CEST.
Flavor | Version | Tinstall | Tcheck | Ttotal | Status | Flags |
---|---|---|---|---|---|---|
r-devel-linux-x86_64-debian-clang | 2.3.6 | 8.15 | 97.08 | 105.23 | OK | |
r-devel-linux-x86_64-debian-gcc | 2.3.6 | 8.60 | 73.53 | 82.13 | OK | |
r-devel-linux-x86_64-fedora-clang | 2.3.6 | 132.94 | NOTE | |||
r-devel-linux-x86_64-fedora-gcc | 2.3.6 | 144.14 | OK | |||
r-devel-windows-x86_64 | 2.3.6 | 96.00 | 0.00 | 96.00 | OK | |
r-patched-linux-x86_64 | 2.3.6 | 11.99 | 92.72 | 104.71 | OK | |
r-release-linux-x86_64 | 2.3.6 | 9.63 | 88.15 | 97.78 | OK | |
r-release-macos-arm64 | 2.3.6 | 38.00 | OK | |||
r-release-macos-x86_64 | 2.3.6 | 53.00 | OK | |||
r-release-windows-x86_64 | 2.3.6 | 94.00 | 143.00 | 237.00 | OK | |
r-oldrel-macos-arm64 | 2.3.6 | 43.00 | OK | |||
r-oldrel-macos-x86_64 | 2.3.6 | 53.00 | OK | |||
r-oldrel-windows-ix86+x86_64 | 2.3.6 | 20.00 | 135.00 | 155.00 | OK |
Version: 2.3.6
Check: Rd cross-references
Result: NOTE
Undeclared package ‘rmarkdown’ in Rd xrefs
Flavor: r-devel-linux-x86_64-fedora-clang