Last updated on 2023-03-29 02:55:20 CEST.
Flavor | Version | Tinstall | Tcheck | Ttotal | Status | Flags |
---|---|---|---|---|---|---|
r-devel-linux-x86_64-debian-clang | 0.0.16 | 3.68 | 268.82 | 272.50 | OK | |
r-devel-linux-x86_64-debian-gcc | 0.0.16 | 2.67 | 212.21 | 214.88 | OK | |
r-devel-linux-x86_64-fedora-clang | 0.0.16 | 339.61 | OK | |||
r-devel-linux-x86_64-fedora-gcc | 0.0.16 | 354.23 | OK | |||
r-devel-windows-x86_64 | 0.0.16 | 28.00 | 311.00 | 339.00 | OK | |
r-patched-linux-x86_64 | 0.0.16 | 3.36 | 254.75 | 258.11 | OK | |
r-release-linux-x86_64 | 0.0.16 | 3.38 | 261.51 | 264.89 | OK | |
r-release-macos-arm64 | 0.0.16 | 101.00 | OK | |||
r-release-macos-x86_64 | 0.0.16 | 153.00 | OK | |||
r-release-windows-x86_64 | 0.0.16 | 29.00 | 316.00 | 345.00 | OK | |
r-oldrel-macos-arm64 | 0.0.16 | 95.00 | OK | |||
r-oldrel-macos-x86_64 | 0.0.16 | 148.00 | OK | |||
r-oldrel-windows-ix86+x86_64 | 0.0.16 | 8.00 | 340.00 | 348.00 | WARN |
Version: 0.0.16
Check: for unstated dependencies in ‘tests’
Result: WARN
Warning: unable to access index for repository https://bioconductor.org/packages/3.14/bioc/src/contrib:
cannot open URL 'https://bioconductor.org/packages/3.14/bioc/src/contrib/PACKAGES'
Warning: unable to access index for repository https://bioconductor.org/packages/3.14/data/annotation/src/contrib:
cannot open URL 'https://bioconductor.org/packages/3.14/data/annotation/src/contrib/PACKAGES'
Warning: unable to access index for repository https://bioconductor.org/packages/3.14/data/experiment/src/contrib:
cannot open URL 'https://bioconductor.org/packages/3.14/data/experiment/src/contrib/PACKAGES'
Flavor: r-oldrel-windows-ix86+x86_64