CRAN Package Check Results for Package arulesViz

Last updated on 2022-12-04 02:49:10 CET.

Flavor Version Tinstall Tcheck Ttotal Status Flags
r-devel-linux-x86_64-debian-clang 1.5-1 16.47 188.70 205.17 OK
r-devel-linux-x86_64-debian-gcc 1.5-1 15.12 135.26 150.38 OK
r-devel-linux-x86_64-fedora-clang 1.5-1 268.44 OK
r-devel-linux-x86_64-fedora-gcc 1.5-1 277.79 OK
r-devel-windows-x86_64 1.5-1 34.00 214.00 248.00 OK
r-patched-linux-x86_64 1.5-1 21.31 172.10 193.41 OK
r-release-linux-x86_64 1.5-1 12.36 174.27 186.63 OK
r-release-macos-arm64 1.5-1 64.00 NOTE
r-release-macos-x86_64 1.5-1 117.00 OK
r-release-windows-x86_64 1.5-1 36.00 225.00 261.00 OK
r-oldrel-macos-arm64 1.5-1 99.00 OK
r-oldrel-macos-x86_64 1.5-1 91.00 OK
r-oldrel-windows-ix86+x86_64 1.5-1 37.00 198.00 235.00 OK

Check Details

Version: 1.5-1
Check: package dependencies
Result: NOTE
    Packages suggested but not available for checking: 'graph', 'Rgraphviz'
Flavor: r-release-macos-arm64