Last updated on 2023-03-21 02:56:18 CET.
Flavor | Version | Tinstall | Tcheck | Ttotal | Status | Flags |
---|---|---|---|---|---|---|
r-devel-linux-x86_64-debian-clang | 0.1.11 | WARN | ||||
r-devel-linux-x86_64-debian-gcc | 0.1.11 | 3.58 | 95.22 | 98.80 | WARN | |
r-devel-linux-x86_64-fedora-clang | 0.1.11 | 156.14 | WARN | |||
r-devel-linux-x86_64-fedora-gcc | 0.1.11 | 164.30 | WARN | |||
r-devel-windows-x86_64 | 0.1.11 | 33.00 | 201.00 | 234.00 | WARN | |
r-patched-linux-x86_64 | 0.1.11 | 6.69 | 121.01 | 127.70 | OK | |
r-release-linux-x86_64 | 0.1.11 | 3.90 | 121.72 | 125.62 | OK | |
r-release-macos-arm64 | 0.1.11 | 47.00 | OK | |||
r-release-macos-x86_64 | 0.1.11 | 73.00 | OK | |||
r-release-windows-x86_64 | 0.1.11 | 29.00 | 180.00 | 209.00 | OK | |
r-oldrel-macos-arm64 | 0.1.11 | 44.00 | OK | |||
r-oldrel-macos-x86_64 | 0.1.11 | 63.00 | OK | |||
r-oldrel-windows-ix86+x86_64 | 0.1.11 | 13.00 | 169.00 | 182.00 | OK |
Version: 0.1.11
Check: S3 generic/method consistency
Result: WARN
add_name_to_statistics:
function(x, name)
add_name_to_statistics.data.frame:
function(x, name, colname_for_variable)
add_name_to_tests:
function(x, name)
add_name_to_tests.data.frame:
function(x, name, colname_for_variable)
See section ‘Generic functions and methods’ in the ‘Writing R
Extensions’ manual.
Flavors: r-devel-linux-x86_64-debian-clang, r-devel-linux-x86_64-debian-gcc, r-devel-linux-x86_64-fedora-clang, r-devel-linux-x86_64-fedora-gcc, r-devel-windows-x86_64