CRAN Package Check Results for Package audrex

Last updated on 2022-11-28 01:51:28 CET.

Flavor Version Tinstall Tcheck Ttotal Status Flags
r-devel-linux-x86_64-debian-clang 2.0.1 16.06 162.68 178.74 OK
r-devel-linux-x86_64-debian-gcc 2.0.1 15.74 118.45 134.19 OK
r-devel-linux-x86_64-fedora-clang 2.0.1 231.11 NOTE
r-devel-linux-x86_64-fedora-gcc 2.0.1 225.95 NOTE
r-devel-windows-x86_64 2.0.1 30.00 168.00 198.00 OK
r-patched-linux-x86_64 2.0.1 12.41 155.19 167.60 OK
r-release-linux-x86_64 2.0.1 14.73 150.55 165.28 OK
r-release-macos-arm64 2.0.1 58.00 NOTE
r-release-macos-x86_64 2.0.1 101.00 NOTE
r-release-windows-x86_64 2.0.1 25.00 183.00 208.00 OK
r-oldrel-macos-arm64 2.0.1 53.00 NOTE
r-oldrel-macos-x86_64 2.0.1 73.00 NOTE
r-oldrel-windows-ix86+x86_64 2.0.1 42.00 169.00 211.00 OK

Check Details

Version: 2.0.1
Check: data for non-ASCII characters
Result: NOTE
     Note: found 1 marked UTF-8 string
Flavors: r-devel-linux-x86_64-fedora-clang, r-devel-linux-x86_64-fedora-gcc, r-release-macos-arm64, r-release-macos-x86_64, r-oldrel-macos-arm64, r-oldrel-macos-x86_64