CRAN Package Check Results for Package auk

Last updated on 2020-07-14 02:48:30 CEST.

Flavor Version Tinstall Tcheck Ttotal Status Flags
r-devel-linux-x86_64-debian-clang 0.4.1 5.75 76.39 82.14 OK
r-devel-linux-x86_64-debian-gcc 0.4.1 4.62 58.94 63.56 OK
r-devel-linux-x86_64-fedora-clang 0.4.1 106.73 NOTE
r-devel-linux-x86_64-fedora-gcc 0.4.1 99.35 NOTE
r-devel-windows-ix86+x86_64 0.4.1 12.00 128.00 140.00 OK
r-patched-linux-x86_64 0.4.1 5.77 76.32 82.09 OK
r-patched-solaris-x86 0.4.1 150.50 NOTE
r-release-linux-x86_64 0.4.1 6.06 75.78 81.84 OK
r-release-macos-x86_64 0.4.1 ERROR
r-release-windows-ix86+x86_64 0.4.1 14.00 127.00 141.00 OK
r-oldrel-macos-x86_64 0.4.1 NOTE
r-oldrel-windows-ix86+x86_64 0.4.1 15.00 128.00 143.00 OK

Check Details

Version: 0.4.1
Check: data for non-ASCII characters
Result: NOTE
     Note: found 552 marked UTF-8 strings
Flavors: r-devel-linux-x86_64-fedora-clang, r-devel-linux-x86_64-fedora-gcc, r-patched-solaris-x86, r-oldrel-macos-x86_64

Version: 0.4.1
Check: whether package can be installed
Result: ERROR
    Installation failed.
Flavor: r-release-macos-x86_64