Last updated on 2021-04-16 02:47:15 CEST.
Flavor | Version | Tinstall | Tcheck | Ttotal | Status | Flags |
---|---|---|---|---|---|---|
r-devel-linux-x86_64-debian-clang | 0.1.8 | 4.21 | 46.18 | 50.39 | NOTE | |
r-devel-linux-x86_64-debian-gcc | 0.1.8 | 3.37 | 34.53 | 37.90 | NOTE | |
r-devel-linux-x86_64-fedora-clang | 0.1.8 | 68.11 | NOTE | |||
r-devel-linux-x86_64-fedora-gcc | 0.1.8 | 58.36 | NOTE | |||
r-devel-windows-ix86+x86_64 | 0.1.8 | 17.00 | 82.00 | 99.00 | NOTE | |
r-devel-windows-x86_64-gcc10-UCRT | 0.1.8 | NOTE | ||||
r-patched-linux-x86_64 | 0.1.8 | 3.62 | 44.08 | 47.70 | OK | |
r-patched-solaris-x86 | 0.1.8 | 93.30 | OK | |||
r-release-linux-x86_64 | 0.1.8 | 4.48 | 43.24 | 47.72 | OK | |
r-release-macos-x86_64 | 0.1.8 | OK | ||||
r-release-windows-ix86+x86_64 | 0.1.8 | 34.00 | 93.00 | 127.00 | OK | |
r-oldrel-macos-x86_64 | 0.1.8 | OK | ||||
r-oldrel-windows-ix86+x86_64 | 0.1.8 | 13.00 | 63.00 | 76.00 | OK |
Version: 0.1.8
Check: LazyData
Result: NOTE
'LazyData' is specified without a 'data' directory
Flavors: r-devel-linux-x86_64-debian-clang, r-devel-linux-x86_64-debian-gcc, r-devel-linux-x86_64-fedora-clang, r-devel-linux-x86_64-fedora-gcc, r-devel-windows-ix86+x86_64, r-devel-windows-x86_64-gcc10-UCRT