CRAN Package Check Results for Package balance

Last updated on 2021-01-28 02:47:45 CET.

Flavor Version Tinstall Tcheck Ttotal Status Flags
r-devel-linux-x86_64-debian-clang 0.2.4 3.63 53.49 57.12 OK
r-devel-linux-x86_64-debian-gcc 0.2.4 OK
r-devel-linux-x86_64-fedora-clang 0.2.4 74.60 OK
r-devel-linux-x86_64-fedora-gcc 0.2.4 69.29 OK
r-devel-windows-ix86+x86_64 0.2.4 12.00 82.00 94.00 OK
r-patched-linux-x86_64 0.2.4 3.62 50.12 53.74 OK
r-patched-solaris-x86 0.2.4 95.80 OK
r-release-linux-x86_64 0.2.4 3.59 50.50 54.09 OK
r-release-macos-x86_64 0.2.4 NOTE
r-release-windows-ix86+x86_64 0.2.4 11.00 57.00 68.00 OK
r-oldrel-macos-x86_64 0.2.4 NOTE
r-oldrel-windows-ix86+x86_64 0.2.4 25.00 78.00 103.00 OK

Check Details

Version: 0.2.4
Check: package dependencies
Result: NOTE
    Package suggested but not available for checking: ‘philr’
Flavors: r-release-macos-x86_64, r-oldrel-macos-x86_64