CRAN Package Check Results for Package base2grob

Last updated on 2021-04-16 02:47:15 CEST.

Flavor Version Tinstall Tcheck Ttotal Status Flags
r-devel-linux-x86_64-debian-clang 0.0.3 3.83 48.10 51.93 NOTE
r-devel-linux-x86_64-debian-gcc 0.0.3 3.27 36.38 39.65 NOTE
r-devel-linux-x86_64-fedora-clang 0.0.3 70.47 NOTE
r-devel-linux-x86_64-fedora-gcc 0.0.3 59.13 NOTE
r-devel-windows-ix86+x86_64 0.0.3 16.00 74.00 90.00 NOTE
r-devel-windows-x86_64-gcc10-UCRT 0.0.3 NOTE
r-patched-linux-x86_64 0.0.3 4.36 45.11 49.47 OK
r-patched-solaris-x86 0.0.3 88.80 OK
r-release-linux-x86_64 0.0.3 4.18 45.05 49.23 OK
r-release-macos-x86_64 0.0.3 OK
r-release-windows-ix86+x86_64 0.0.3 22.00 68.00 90.00 OK
r-oldrel-macos-x86_64 0.0.3 OK
r-oldrel-windows-ix86+x86_64 0.0.3 11.00 53.00 64.00 OK

Check Details

Version: 0.0.3
Check: LazyData
Result: NOTE
     'LazyData' is specified without a 'data' directory
Flavors: r-devel-linux-x86_64-debian-clang, r-devel-linux-x86_64-debian-gcc, r-devel-linux-x86_64-fedora-clang, r-devel-linux-x86_64-fedora-gcc, r-devel-windows-ix86+x86_64, r-devel-windows-x86_64-gcc10-UCRT