CRAN Package Check Results for Package base64enc

Last updated on 2021-04-14 02:46:35 CEST.

Flavor Version Tinstall Tcheck Ttotal Status Flags
r-devel-linux-x86_64-debian-clang 0.1-3 1.82 20.54 22.36 OK
r-devel-linux-x86_64-debian-gcc 0.1-3 1.97 16.20 18.17 OK
r-devel-linux-x86_64-fedora-clang 0.1-3 37.71 NOTE
r-devel-linux-x86_64-fedora-gcc 0.1-3 27.42 NOTE
r-devel-windows-ix86+x86_64 0.1-3 9.00 39.00 48.00 OK
r-devel-windows-x86_64-gcc10-UCRT 0.1-3 OK
r-patched-linux-x86_64 0.1-3 1.71 19.67 21.38 OK
r-patched-solaris-x86 0.1-3 48.10 OK
r-release-linux-x86_64 0.1-3 2.44 19.41 21.85 OK
r-release-macos-x86_64 0.1-3 OK
r-release-windows-ix86+x86_64 0.1-3 10.00 40.00 50.00 OK
r-oldrel-macos-x86_64 0.1-3 OK
r-oldrel-windows-ix86+x86_64 0.1-3 12.00 48.00 60.00 OK

Check Details

Version: 0.1-3
Check: compiled code
Result: NOTE
    File ‘base64enc/libs/base64enc.so’:
     Found no calls to: ‘R_registerRoutines’, ‘R_useDynamicSymbols’
    
    It is good practice to register native routines and to disable symbol
    search.
    
    See ‘Writing portable packages’ in the ‘Writing R Extensions’ manual.
Flavors: r-devel-linux-x86_64-fedora-clang, r-devel-linux-x86_64-fedora-gcc