Last updated on 2023-03-20 02:51:51 CET.
Flavor | Version | Tinstall | Tcheck | Ttotal | Status | Flags |
---|---|---|---|---|---|---|
r-devel-linux-x86_64-debian-clang | 0.9.16 | OK | ||||
r-devel-linux-x86_64-debian-gcc | 0.9.16 | 11.85 | 122.29 | 134.14 | OK | |
r-devel-linux-x86_64-fedora-clang | 0.9.16 | 174.92 | NOTE | |||
r-devel-linux-x86_64-fedora-gcc | 0.9.16 | 228.03 | OK | |||
r-devel-windows-x86_64 | 0.9.16 | 94.00 | 243.00 | 337.00 | OK | |
r-patched-linux-x86_64 | 0.9.16 | 18.66 | 144.84 | 163.50 | OK | |
r-release-linux-x86_64 | 0.9.16 | 11.99 | 142.94 | 154.93 | OK | |
r-release-macos-arm64 | 0.9.16 | 83.00 | NOTE | |||
r-release-macos-x86_64 | 0.9.16 | 112.00 | NOTE | |||
r-release-windows-x86_64 | 0.9.16 | 85.00 | 244.00 | 329.00 | OK | |
r-oldrel-macos-arm64 | 0.9.16 | 86.00 | NOTE | |||
r-oldrel-macos-x86_64 | 0.9.16 | 117.00 | NOTE | |||
r-oldrel-windows-ix86+x86_64 | 0.9.16 | 34.00 | 309.00 | 343.00 | OK |
Version: 0.9.16
Check: Rd cross-references
Result: NOTE
Undeclared package ‘Rmpi’ in Rd xrefs
Flavor: r-devel-linux-x86_64-fedora-clang
Version: 0.9.16
Check: package dependencies
Result: NOTE
Package suggested but not available for checking: ‘doMPI’
Flavors: r-release-macos-arm64, r-release-macos-x86_64, r-oldrel-macos-arm64, r-oldrel-macos-x86_64
Version: 0.9.16
Check: Rd cross-references
Result: NOTE
Package unavailable to check Rd xrefs: ‘Rmpi’
Flavors: r-release-macos-arm64, r-release-macos-x86_64, r-oldrel-macos-arm64, r-oldrel-macos-x86_64