CRAN Package Check Results for Package batchtools

Last updated on 2021-03-07 02:48:19 CET.

Flavor Version Tinstall Tcheck Ttotal Status Flags
r-devel-linux-x86_64-debian-clang 0.9.15 12.91 157.14 170.05 OK
r-devel-linux-x86_64-debian-gcc 0.9.15 9.79 114.34 124.13 OK
r-devel-linux-x86_64-fedora-clang 0.9.15 204.25 NOTE
r-devel-linux-x86_64-fedora-gcc 0.9.15 192.33 OK
r-devel-windows-ix86+x86_64 0.9.15 26.00 325.00 351.00 OK
r-devel-windows-x86_64-gcc10-UCRT 0.9.15 OK
r-patched-linux-x86_64 0.9.15 11.51 147.70 159.21 OK
r-patched-solaris-x86 0.9.15 275.60 OK
r-release-linux-x86_64 0.9.15 12.45 146.25 158.70 OK
r-release-macos-x86_64 0.9.15 NOTE
r-release-windows-ix86+x86_64 0.9.15 22.00 251.00 273.00 OK
r-oldrel-macos-x86_64 0.9.15 NOTE
r-oldrel-windows-ix86+x86_64 0.9.15 19.00 239.00 258.00 OK

Check Details

Version: 0.9.15
Check: Rd cross-references
Result: NOTE
    Undeclared package ‘Rmpi’ in Rd xrefs
Flavor: r-devel-linux-x86_64-fedora-clang

Version: 0.9.15
Check: package dependencies
Result: NOTE
    Package suggested but not available for checking: ‘doMPI’
Flavors: r-release-macos-x86_64, r-oldrel-macos-x86_64

Version: 0.9.15
Check: Rd cross-references
Result: NOTE
    Package unavailable to check Rd xrefs: ‘Rmpi’
Flavors: r-release-macos-x86_64, r-oldrel-macos-x86_64