CRAN Package Check Results for Package bayesSurv

Last updated on 2020-07-06 02:47:14 CEST.

Flavor Version Tinstall Tcheck Ttotal Status Flags
r-devel-linux-x86_64-debian-clang 3.3 112.80 103.22 216.02 OK
r-devel-linux-x86_64-debian-gcc 3.3 95.84 78.51 174.35 OK
r-devel-linux-x86_64-fedora-clang 3.3 346.38 NOTE
r-devel-linux-x86_64-fedora-gcc 3.3 276.11 OK
r-devel-windows-ix86+x86_64 3.3 319.00 204.00 523.00 OK
r-patched-linux-x86_64 3.3 106.69 103.21 209.90 OK
r-patched-solaris-x86 3.3 269.70 OK
r-release-linux-x86_64 3.3 96.41 102.76 199.17 OK
r-release-osx-x86_64 3.3 NOTE
r-release-windows-ix86+x86_64 3.3 252.00 142.00 394.00 OK
r-oldrel-osx-x86_64 3.3 NOTE
r-oldrel-windows-ix86+x86_64 3.3 303.00 185.00 488.00 OK

Check Details

Version: 3.3
Check: installed package size
Result: NOTE
     installed size is 6.5Mb
     sub-directories of 1Mb or more:
     libs 5.2Mb
Flavors: r-devel-linux-x86_64-fedora-clang, r-release-osx-x86_64, r-oldrel-osx-x86_64

Version: 3.3
Check: Rd cross-references
Result: NOTE
    Undeclared package ‘mvtnorm’ in Rd xrefs
Flavor: r-devel-linux-x86_64-fedora-clang