CRAN Package Check Results for Package bdclean

Last updated on 2020-11-27 02:47:00 CET.

Flavor Version Tinstall Tcheck Ttotal Status Flags
r-devel-linux-x86_64-debian-clang 0.1.15 12.83 91.45 104.28 OK
r-devel-linux-x86_64-debian-gcc 0.1.15 11.98 70.61 82.59 OK
r-devel-linux-x86_64-fedora-clang 0.1.15 130.33 NOTE
r-devel-linux-x86_64-fedora-gcc 0.1.15 122.44 NOTE
r-devel-windows-ix86+x86_64 0.1.15 33.00 117.00 150.00 OK
r-patched-linux-x86_64 0.1.15 14.10 86.17 100.27 OK
r-patched-solaris-x86 0.1.15 190.00 NOTE
r-release-linux-x86_64 0.1.15 12.44 84.85 97.29 OK
r-release-macos-x86_64 0.1.15 NOTE
r-release-windows-ix86+x86_64 0.1.15 35.00 133.00 168.00 OK
r-oldrel-macos-x86_64 0.1.15 NOTE
r-oldrel-windows-ix86+x86_64 0.1.15 20.00 101.00 121.00 OK

Check Details

Version: 0.1.15
Check: dependencies in R code
Result: NOTE
    Namespace in Imports field not imported from: ‘DT’
     All declared Imports should be used.
Flavors: r-devel-linux-x86_64-fedora-clang, r-devel-linux-x86_64-fedora-gcc, r-patched-solaris-x86, r-release-macos-x86_64, r-oldrel-macos-x86_64