CRAN Package Check Results for Package biclust

Last updated on 2022-12-04 02:49:11 CET.

Flavor Version Tinstall Tcheck Ttotal Status Flags
r-devel-linux-x86_64-debian-clang 2.0.3 17.34 142.46 159.80 WARN
r-devel-linux-x86_64-debian-gcc 2.0.3 12.71 103.08 115.79 WARN
r-devel-linux-x86_64-fedora-clang 2.0.3 215.02 WARN
r-devel-linux-x86_64-fedora-gcc 2.0.3 194.17 WARN
r-devel-windows-x86_64 2.0.3 53.00 166.00 219.00 OK
r-patched-linux-x86_64 2.0.3 17.94 129.90 147.84 OK
r-release-linux-x86_64 2.0.3 14.72 131.79 146.51 OK
r-release-macos-arm64 2.0.3 48.00 OK
r-release-macos-x86_64 2.0.3 111.00 OK
r-release-windows-x86_64 2.0.3 61.00 176.00 237.00 OK
r-oldrel-macos-arm64 2.0.3 55.00 OK
r-oldrel-macos-x86_64 2.0.3 82.00 OK
r-oldrel-windows-ix86+x86_64 2.0.3 35.00 219.00 254.00 OK

Check Details

Version: 2.0.3
Check: whether package can be installed
Result: WARN
    Found the following significant warnings:
     rbimax.c:326:16: warning: a function declaration without a prototype is deprecated in all versions of C [-Wstrict-prototypes]
Flavors: r-devel-linux-x86_64-debian-clang, r-devel-linux-x86_64-fedora-clang

Version: 2.0.3
Check: whether package can be installed
Result: WARN
    Found the following significant warnings:
     rbimax.c:326:6: warning: function declaration isn’t a prototype [-Wstrict-prototypes]
Flavors: r-devel-linux-x86_64-debian-gcc, r-devel-linux-x86_64-fedora-gcc