CRAN Package Check Results for Package bigtime

Last updated on 2022-10-04 02:54:35 CEST.

Flavor Version Tinstall Tcheck Ttotal Status Flags
r-devel-linux-x86_64-debian-clang 0.2.1 79.66 67.90 147.56 OK
r-devel-linux-x86_64-debian-gcc 0.2.1 57.69 50.51 108.20 OK
r-devel-linux-x86_64-fedora-clang 0.2.1 205.78 OK
r-devel-linux-x86_64-fedora-gcc 0.2.1 196.59 OK
r-devel-windows-x86_64 0.2.1 85.00 116.00 201.00 OK
r-patched-linux-x86_64 0.2.1 64.12 62.28 126.40 OK
r-release-linux-x86_64 0.2.1 62.88 62.24 125.12 OK
r-release-macos-arm64 0.2.1 54.00 NOTE
r-release-macos-x86_64 0.2.1 86.00 NOTE
r-release-windows-x86_64 0.2.1 76.00 122.00 198.00 OK
r-oldrel-macos-arm64 0.2.1 55.00 NOTE
r-oldrel-macos-x86_64 0.2.1 74.00 NOTE
r-oldrel-windows-ix86+x86_64 0.2.1 178.00 146.00 324.00 OK

Check Details

Version: 0.2.1
Check: installed package size
Result: NOTE
     installed size is 6.6Mb
     sub-directories of 1Mb or more:
     help 1.5Mb
     libs 4.8Mb
Flavors: r-release-macos-arm64, r-release-macos-x86_64, r-oldrel-macos-arm64, r-oldrel-macos-x86_64