CRAN Package Check Results for Package binomialMix

Last updated on 2020-11-26 02:49:23 CET.

Flavor Version Tinstall Tcheck Ttotal Status Flags
r-devel-linux-x86_64-debian-clang 1.0.1 5.74 182.35 188.09 OK
r-devel-linux-x86_64-debian-gcc 1.0.1 4.68 140.42 145.10 OK
r-devel-linux-x86_64-fedora-clang 1.0.1 217.93 NOTE
r-devel-linux-x86_64-fedora-gcc 1.0.1 211.82 NOTE
r-devel-windows-ix86+x86_64 1.0.1 11.00 234.00 245.00 OK
r-patched-linux-x86_64 1.0.1 5.45 170.47 175.92 OK
r-patched-solaris-x86 1.0.1 362.90 NOTE
r-release-linux-x86_64 1.0.1 5.56 168.31 173.87 OK
r-release-macos-x86_64 1.0.1 NOTE
r-release-windows-ix86+x86_64 1.0.1 10.00 237.00 247.00 OK
r-oldrel-macos-x86_64 1.0.1 NOTE
r-oldrel-windows-ix86+x86_64 1.0.1 6.00 195.00 201.00 OK

Check Details

Version: 1.0.1
Check: dependencies in R code
Result: NOTE
    Namespace in Imports field not imported from: ‘lubridate’
     All declared Imports should be used.
Flavors: r-devel-linux-x86_64-fedora-clang, r-devel-linux-x86_64-fedora-gcc, r-patched-solaris-x86, r-release-macos-x86_64, r-oldrel-macos-x86_64