CRAN Package Check Results for Package bioRad

Last updated on 2021-03-07 02:48:19 CET.

Flavor Version Tinstall Tcheck Ttotal Status Flags
r-devel-linux-x86_64-debian-clang 0.5.2 20.13 295.18 315.31 OK
r-devel-linux-x86_64-debian-gcc 0.5.2 19.23 217.67 236.90 OK
r-devel-linux-x86_64-fedora-clang 0.5.2 370.66 NOTE
r-devel-linux-x86_64-fedora-gcc 0.5.2 381.29 OK
r-devel-windows-ix86+x86_64 0.5.2 54.00 394.00 448.00 NOTE
r-devel-windows-x86_64-gcc10-UCRT 0.5.2 ERROR
r-patched-linux-x86_64 0.5.2 21.31 275.65 296.96 OK
r-patched-solaris-x86 0.5.2 529.60 NOTE
r-release-linux-x86_64 0.5.2 25.19 277.23 302.42 OK
r-release-macos-x86_64 0.5.2 NOTE
r-release-windows-ix86+x86_64 0.5.2 40.00 291.00 331.00 NOTE
r-oldrel-macos-x86_64 0.5.2 NOTE
r-oldrel-windows-ix86+x86_64 0.5.2 35.00 279.00 314.00 NOTE

Check Details

Version: 0.5.2
Check: installed package size
Result: NOTE
     installed size is 5.7Mb
     sub-directories of 1Mb or more:
     data 1.6Mb
     doc 1.2Mb
     extdata 1.7Mb
Flavors: r-devel-linux-x86_64-fedora-clang, r-devel-windows-ix86+x86_64, r-patched-solaris-x86, r-release-macos-x86_64, r-release-windows-ix86+x86_64, r-oldrel-macos-x86_64, r-oldrel-windows-ix86+x86_64

Version: 0.5.2
Check: package dependencies
Result: ERROR
    Package required but not available: 'rhdf5'
    
    See section 'The DESCRIPTION file' in the 'Writing R Extensions'
    manual.
Flavor: r-devel-windows-x86_64-gcc10-UCRT