CRAN Package Check Results for Package biogeo

Last updated on 2020-11-25 02:48:59 CET.

Flavor Version Tinstall Tcheck Ttotal Status Flags
r-devel-linux-x86_64-debian-clang 1.0 20.17 141.08 161.25 NOTE
r-devel-linux-x86_64-debian-gcc 1.0 15.82 107.78 123.60 NOTE
r-devel-linux-x86_64-fedora-clang 1.0 195.72 NOTE
r-devel-linux-x86_64-fedora-gcc 1.0 188.59 NOTE
r-devel-windows-ix86+x86_64 1.0 42.00 197.00 239.00 OK
r-patched-linux-x86_64 1.0 18.52 132.50 151.02 NOTE
r-patched-solaris-x86 1.0 259.50 NOTE
r-release-linux-x86_64 1.0 18.86 132.50 151.36 NOTE
r-release-macos-x86_64 1.0 OK
r-release-windows-ix86+x86_64 1.0 50.00 164.00 214.00 OK
r-oldrel-macos-x86_64 1.0 OK
r-oldrel-windows-ix86+x86_64 1.0 35.00 133.00 168.00 OK

Check Details

Version: 1.0
Check: for non-standard things in the check directory
Result: NOTE
    Found the following files/directories:
     'pointshape.dbf' 'pointshape.shp' 'pointshape.shx'
Flavors: r-devel-linux-x86_64-debian-clang, r-devel-linux-x86_64-debian-gcc, r-devel-linux-x86_64-fedora-clang, r-devel-linux-x86_64-fedora-gcc, r-patched-linux-x86_64, r-patched-solaris-x86, r-release-linux-x86_64