CRAN Package Check Results for Package biogeo

Last updated on 2022-10-03 03:54:57 CEST.

Flavor Version Tinstall Tcheck Ttotal Status Flags
r-devel-linux-x86_64-debian-clang 1.0 37.52 329.74 367.26 NOTE
r-devel-linux-x86_64-debian-gcc 1.0 30.90 248.26 279.16 NOTE
r-devel-linux-x86_64-fedora-clang 1.0 473.42 NOTE
r-devel-linux-x86_64-fedora-gcc 1.0 475.60 NOTE
r-devel-windows-x86_64 1.0 53.00 386.00 439.00 OK
r-patched-linux-x86_64 1.0 36.31 322.41 358.72 NOTE
r-release-linux-x86_64 1.0 38.73 327.51 366.24 NOTE
r-release-macos-arm64 1.0 97.00 OK
r-release-macos-x86_64 1.0 133.00 OK
r-release-windows-x86_64 1.0 52.00 382.00 434.00 OK
r-oldrel-macos-arm64 1.0 66.00 OK
r-oldrel-macos-x86_64 1.0 106.00 OK
r-oldrel-windows-ix86+x86_64 1.0 92.00 367.00 459.00 OK

Check Details

Version: 1.0
Check: for non-standard things in the check directory
Result: NOTE
    Found the following files/directories:
     'pointshape.dbf' 'pointshape.shp' 'pointshape.shx'
Flavors: r-devel-linux-x86_64-debian-clang, r-devel-linux-x86_64-debian-gcc, r-devel-linux-x86_64-fedora-clang, r-devel-linux-x86_64-fedora-gcc, r-patched-linux-x86_64, r-release-linux-x86_64