CRAN Package Check Results for Package bitops

Last updated on 2021-01-22 02:49:43 CET.

Flavor Version Tinstall Tcheck Ttotal Status Flags
r-devel-linux-x86_64-debian-clang 1.0-6 2.38 22.17 24.55 OK
r-devel-linux-x86_64-debian-gcc 1.0-6 1.89 17.61 19.50 OK
r-devel-linux-x86_64-fedora-clang 1.0-6 39.23 NOTE
r-devel-linux-x86_64-fedora-gcc 1.0-6 29.39 NOTE
r-devel-windows-ix86+x86_64 1.0-6 8.00 39.00 47.00 OK
r-patched-linux-x86_64 1.0-6 2.18 21.43 23.61 OK
r-patched-solaris-x86 1.0-6 43.80 OK
r-release-linux-x86_64 1.0-6 2.36 21.81 24.17 OK
r-release-macos-x86_64 1.0-6 OK
r-release-windows-ix86+x86_64 1.0-6 7.00 42.00 49.00 OK
r-oldrel-macos-x86_64 1.0-6 OK
r-oldrel-windows-ix86+x86_64 1.0-6 7.00 46.00 53.00 OK

Additional issues

clang-UBSAN

Check Details

Version: 1.0-6
Check: compiled code
Result: NOTE
    File ‘bitops/libs/bitops.so’:
     Found no calls to: ‘R_registerRoutines’, ‘R_useDynamicSymbols’
    
    It is good practice to register native routines and to disable symbol
    search.
    
    See ‘Writing portable packages’ in the ‘Writing R Extensions’ manual.
Flavors: r-devel-linux-x86_64-fedora-clang, r-devel-linux-x86_64-fedora-gcc