CRAN Package Check Results for Package bnstruct

Last updated on 2022-10-05 05:56:58 CEST.

Flavor Version Tinstall Tcheck Ttotal Status Flags
r-devel-linux-x86_64-debian-clang 1.0.12 14.42 119.49 133.91 OK
r-devel-linux-x86_64-debian-gcc 1.0.12 12.71 93.19 105.90 OK
r-devel-linux-x86_64-fedora-clang 1.0.12 186.96 OK
r-devel-linux-x86_64-fedora-gcc 1.0.12 176.81 WARN
r-devel-windows-x86_64 1.0.12 166.00 190.00 356.00 OK
r-patched-linux-x86_64 1.0.12 18.90 115.10 134.00 OK
r-release-linux-x86_64 1.0.12 17.29 116.32 133.61 OK
r-release-macos-arm64 1.0.12 62.00 NOTE
r-release-macos-x86_64 1.0.12 75.00 OK
r-release-windows-x86_64 1.0.12 160.00 163.00 323.00 OK
r-oldrel-macos-arm64 1.0.12 57.00 OK
r-oldrel-macos-x86_64 1.0.12 79.00 OK
r-oldrel-windows-ix86+x86_64 1.0.12 37.00 186.00 223.00 OK

Check Details

Version: 1.0.12
Check: re-building of vignette outputs
Result: WARN
    Error(s) in re-building vignettes:
    --- re-building ‘bnstruct.Rnw’ using knitr
    Error: processing vignette 'bnstruct.Rnw' failed with diagnostics:
    Running 'texi2dvi' on 'bnstruct.tex' failed.
    LaTeX errors:
    ! Undefined control sequence.
    l.211 \hldef
     {git\ clone\ https}\hlopt{://}\hldef{github.com}\hlopt{/}\hldef{...
    
    ?
    ! Emergency stop.
    l.211
    
    End of file on the terminal!
    
    ! ==> Fatal error occurred, no output PDF file produced!
    --- failed re-building ‘bnstruct.Rnw’
    
    SUMMARY: processing the following file failed:
     ‘bnstruct.Rnw’
    
    Error: Vignette re-building failed.
    Execution halted
Flavor: r-devel-linux-x86_64-fedora-gcc

Version: 1.0.12
Check: package dependencies
Result: NOTE
    Packages suggested but not available for checking: 'graph', 'Rgraphviz'
Flavor: r-release-macos-arm64