CRAN Package Check Results for Package bodenmiller

Last updated on 2021-04-16 02:47:16 CEST.

Flavor Version Tinstall Tcheck Ttotal Status Flags
r-devel-linux-x86_64-debian-clang 0.1.1 8.67 40.61 49.28 OK
r-devel-linux-x86_64-debian-gcc 0.1.1 8.34 31.64 39.98 OK
r-devel-linux-x86_64-fedora-clang 0.1.1 68.55 NOTE
r-devel-linux-x86_64-fedora-gcc 0.1.1 59.83 OK
r-devel-windows-ix86+x86_64 0.1.1 14.00 61.00 75.00 NOTE
r-devel-windows-x86_64-gcc10-UCRT 0.1.1 OK
r-patched-linux-x86_64 0.1.1 8.53 39.23 47.76 OK
r-patched-solaris-x86 0.1.1 88.10 NOTE
r-release-linux-x86_64 0.1.1 8.26 39.36 47.62 OK
r-release-macos-x86_64 0.1.1 NOTE
r-release-windows-ix86+x86_64 0.1.1 12.00 49.00 61.00 NOTE
r-oldrel-macos-x86_64 0.1.1 NOTE
r-oldrel-windows-ix86+x86_64 0.1.1 14.00 57.00 71.00 NOTE

Check Details

Version: 0.1.1
Check: installed package size
Result: NOTE
     installed size is 7.2Mb
     sub-directories of 1Mb or more:
     data 7.0Mb
Flavors: r-devel-linux-x86_64-fedora-clang, r-devel-windows-ix86+x86_64, r-patched-solaris-x86, r-release-macos-x86_64, r-release-windows-ix86+x86_64, r-oldrel-macos-x86_64, r-oldrel-windows-ix86+x86_64