CRAN Package Check Results for Package bold

Last updated on 2020-11-27 02:47:00 CET.

Flavor Version Tinstall Tcheck Ttotal Status Flags
r-devel-linux-x86_64-debian-clang 1.1.0 5.56 63.88 69.44 OK
r-devel-linux-x86_64-debian-gcc 1.1.0 4.39 51.50 55.89 OK
r-devel-linux-x86_64-fedora-clang 1.1.0 90.60 OK
r-devel-linux-x86_64-fedora-gcc 1.1.0 83.52 OK
r-devel-windows-ix86+x86_64 1.1.0 10.00 89.00 99.00 OK
r-patched-linux-x86_64 1.1.0 5.28 65.52 70.80 OK
r-patched-solaris-x86 1.1.0 132.50 OK
r-release-linux-x86_64 1.1.0 5.88 64.50 70.38 OK
r-release-macos-x86_64 1.1.0 NOTE
r-release-windows-ix86+x86_64 1.1.0 10.00 104.00 114.00 OK
r-oldrel-macos-x86_64 1.1.0 NOTE
r-oldrel-windows-ix86+x86_64 1.1.0 6.00 95.00 101.00 OK

Check Details

Version: 1.1.0
Check: package dependencies
Result: NOTE
    Package suggested but not available for checking: ‘sangerseqR’
Flavors: r-release-macos-x86_64, r-oldrel-macos-x86_64