Last updated on 2023-03-31 03:52:23 CEST.
Flavor | Version | Tinstall | Tcheck | Ttotal | Status | Flags |
---|---|---|---|---|---|---|
r-devel-linux-x86_64-debian-clang | 3.0.0 | 34.03 | 162.16 | 196.19 | NOTE | |
r-devel-linux-x86_64-debian-gcc | 3.0.0 | 22.46 | 121.16 | 143.62 | NOTE | |
r-devel-linux-x86_64-fedora-clang | 3.0.0 | 241.34 | NOTE | |||
r-devel-linux-x86_64-fedora-gcc | 3.0.0 | 229.35 | NOTE | |||
r-devel-windows-x86_64 | 3.0.0 | 108.00 | 0.00 | 108.00 | OK | |
r-patched-linux-x86_64 | 3.0.0 | 35.72 | 153.20 | 188.92 | NOTE | |
r-release-linux-x86_64 | 3.0.0 | 24.84 | 146.81 | 171.65 | NOTE | |
r-release-macos-arm64 | 3.0.0 | 59.00 | NOTE | |||
r-release-macos-x86_64 | 3.0.0 | 78.00 | NOTE | |||
r-release-windows-x86_64 | 3.0.0 | 103.00 | 195.00 | 298.00 | OK | |
r-oldrel-macos-arm64 | 3.0.0 | 66.00 | NOTE | |||
r-oldrel-macos-x86_64 | 3.0.0 | 100.00 | OK | |||
r-oldrel-windows-ix86+x86_64 | 3.0.0 | 49.00 | 168.00 | 217.00 | OK |
Version: 3.0.0
Check: package dependencies
Result: NOTE
Packages suggested but not available for checking: 'RGtk2', 'cairoDevice'
Flavors: r-devel-linux-x86_64-debian-clang, r-devel-linux-x86_64-debian-gcc, r-devel-linux-x86_64-fedora-clang, r-devel-linux-x86_64-fedora-gcc, r-patched-linux-x86_64, r-release-linux-x86_64, r-release-macos-arm64, r-release-macos-x86_64, r-oldrel-macos-arm64