CRAN Package Check Results for Package brinton

Last updated on 2021-03-04 02:48:05 CET.

Flavor Version Tinstall Tcheck Ttotal Status Flags
r-devel-linux-x86_64-debian-clang 0.2.4 19.30 102.43 121.73 OK
r-devel-linux-x86_64-debian-gcc 0.2.4 17.87 75.11 92.98 OK
r-devel-linux-x86_64-fedora-clang 0.2.4 152.82 OK
r-devel-linux-x86_64-fedora-gcc 0.2.4 142.85 OK
r-devel-windows-ix86+x86_64 0.2.4 36.00 116.00 152.00 OK
r-patched-linux-x86_64 0.2.4 18.50 91.84 110.34 OK
r-patched-solaris-x86 0.2.4 178.40 OK
r-release-linux-x86_64 0.2.4 19.94 92.60 112.54 OK
r-release-macos-x86_64 0.2.4 OK
r-release-windows-ix86+x86_64 0.2.4 28.00 88.00 116.00 OK
r-oldrel-macos-x86_64 0.2.4 NOTE
r-oldrel-windows-ix86+x86_64 0.2.4 33.00 112.00 145.00 OK

Check Details

Version: 0.2.4
Check: dependencies in R code
Result: NOTE
    No protocol specified
    No protocol specified
Flavor: r-oldrel-macos-x86_64