CRAN Package Check Results for Package bssm

Last updated on 2020-07-14 02:48:32 CEST.

Flavor Version Tinstall Tcheck Ttotal Status Flags
r-devel-linux-x86_64-debian-clang 1.0.0 679.12 651.54 1330.66 OK
r-devel-linux-x86_64-debian-gcc 1.0.0 498.11 402.55 900.66 OK
r-devel-linux-x86_64-fedora-clang 1.0.0 1878.75 NOTE
r-devel-linux-x86_64-fedora-gcc 1.0.0 1703.07 OK
r-devel-windows-ix86+x86_64 1.0.0 1309.00 748.00 2057.00 NOTE
r-patched-linux-x86_64 1.0.0 523.09 587.90 1110.99 OK
r-patched-solaris-x86 1.0.0 1553.60 NOTE
r-release-linux-x86_64 1.0.0 521.60 585.00 1106.60 OK
r-release-macos-x86_64 1.0.0 ERROR
r-release-windows-ix86+x86_64 1.0.0 1622.00 777.00 2399.00 NOTE
r-oldrel-macos-x86_64 1.0.0 NOTE
r-oldrel-windows-ix86+x86_64 1.0.0 1493.00 858.00 2351.00 NOTE

Check Details

Version: 1.0.0
Check: installed package size
Result: NOTE
     installed size is 40.5Mb
     sub-directories of 1Mb or more:
     doc 2.1Mb
     libs 38.0Mb
Flavors: r-devel-linux-x86_64-fedora-clang, r-devel-windows-ix86+x86_64, r-patched-solaris-x86, r-release-windows-ix86+x86_64, r-oldrel-macos-x86_64, r-oldrel-windows-ix86+x86_64

Version: 1.0.0
Check: whether package can be installed
Result: ERROR
    Installation failed.
Flavor: r-release-macos-x86_64