CRAN Package Check Results for Package bst

Last updated on 2020-07-14 02:48:32 CEST.

Flavor Version Tinstall Tcheck Ttotal Status Flags
r-devel-linux-x86_64-debian-clang 0.3-21 12.53 140.40 152.93 OK
r-devel-linux-x86_64-debian-gcc 0.3-21 10.40 106.95 117.35 OK
r-devel-linux-x86_64-fedora-clang 0.3-21 195.51 OK
r-devel-linux-x86_64-fedora-gcc 0.3-21 189.90 OK
r-devel-windows-ix86+x86_64 0.3-21 19.00 207.00 226.00 OK
r-patched-linux-x86_64 0.3-21 11.96 138.63 150.59 OK
r-patched-solaris-x86 0.3-21 260.40 OK
r-release-linux-x86_64 0.3-21 11.08 139.09 150.17 OK
r-release-macos-x86_64 0.3-21 ERROR
r-release-windows-ix86+x86_64 0.3-21 28.00 230.00 258.00 OK
r-oldrel-macos-x86_64 0.3-21 OK
r-oldrel-windows-ix86+x86_64 0.3-21 27.00 210.00 237.00 OK

Check Details

Version: 0.3-21
Check: whether package can be installed
Result: ERROR
    Installation failed.
Flavor: r-release-macos-x86_64