Last updated on 2021-01-23 02:47:29 CET.
Flavor | Version | Tinstall | Tcheck | Ttotal | Status | Flags |
---|---|---|---|---|---|---|
r-devel-linux-x86_64-debian-clang | 1.18.1 | 6.51 | 35.60 | 42.11 | OK | |
r-devel-linux-x86_64-debian-gcc | 1.18.1 | 4.40 | 27.88 | 32.28 | OK | |
r-devel-linux-x86_64-fedora-clang | 1.18.1 | 60.48 | NOTE | |||
r-devel-linux-x86_64-fedora-gcc | 1.18.1 | 49.30 | OK | |||
r-devel-windows-ix86+x86_64 | 1.18.1 | 17.00 | 72.00 | 89.00 | OK | |
r-patched-linux-x86_64 | 1.18.1 | 5.46 | 34.74 | 40.20 | OK | |
r-patched-solaris-x86 | 1.18.1 | 70.00 | OK | |||
r-release-linux-x86_64 | 1.18.1 | 5.35 | 34.06 | 39.41 | OK | |
r-release-macos-x86_64 | 1.18.1 | OK | ||||
r-release-windows-ix86+x86_64 | 1.18.1 | 14.00 | 72.00 | 86.00 | OK | |
r-oldrel-macos-x86_64 | 1.18.1 | OK | ||||
r-oldrel-windows-ix86+x86_64 | 1.18.1 | 14.00 | 52.00 | 66.00 | OK |
Version: 1.18.1
Check: Rd cross-references
Result: NOTE
Undeclared packages ‘fields’, ‘spatstat’, ‘R2HTML’, ‘pixmap’, ‘gplots’, ‘RColorBrewer’, ‘epitools’, ‘XML’, ‘exactRankTests’, ‘coin’, ‘ROCR’, ‘Epi’, ‘verification’, ‘Hmisc’, ‘gtools’, ‘magic’, ‘zoo’ in Rd xrefs
Flavor: r-devel-linux-x86_64-fedora-clang