CRAN Package Check Results for Package caTools

Last updated on 2022-12-05 02:50:49 CET.

Flavor Version Tinstall Tcheck Ttotal Status Flags
r-devel-linux-x86_64-debian-clang 1.18.2 6.23 41.49 47.72 OK
r-devel-linux-x86_64-debian-gcc 1.18.2 5.12 32.18 37.30 OK
r-devel-linux-x86_64-fedora-clang 1.18.2 68.94 NOTE
r-devel-linux-x86_64-fedora-gcc 1.18.2 69.39 OK
r-devel-windows-x86_64 1.18.2 25.00 74.00 99.00 OK
r-patched-linux-x86_64 1.18.2 6.93 37.36 44.29 OK
r-release-linux-x86_64 1.18.2 5.76 37.29 43.05 OK
r-release-macos-arm64 1.18.2 25.00 OK
r-release-macos-x86_64 1.18.2 32.00 OK
r-release-windows-x86_64 1.18.2 142.00 69.00 211.00 OK
r-oldrel-macos-arm64 1.18.2 34.00 OK
r-oldrel-macos-x86_64 1.18.2 48.00 OK
r-oldrel-windows-ix86+x86_64 1.18.2 17.00 84.00 101.00 OK

Check Details

Version: 1.18.2
Check: Rd cross-references
Result: NOTE
    Undeclared packages ‘pixmap’, ‘XML’, ‘exactRankTests’, ‘coin’, ‘ROCR’, ‘Epi’, ‘verification’, ‘Hmisc’, ‘gtools’, ‘magic’, ‘zoo’ in Rd xrefs
Flavor: r-devel-linux-x86_64-fedora-clang